Let j be (1*w)/(4/(-12)). Let n(t) = -t - 1 + 3*t**2 + 575*t**3 - 576*t**3 + 4. Calculate n(j).
0
Let v(l) be the second derivative of 2/3*l**3 + 0 + 1/120*l**6 + 1/24*l**4 - 5*l - 2*l**2 - 1/20*l**5. Let n(w) be the first derivative of v(w). Determine n(3).
7
Let z(i) = -i**3 + 5*i**2 + 5*i - 6. Let q(d) = 2*d**3 - 36*d**2 - 2*d + 42. Let k be q(18). Determine z(k).
-12
Let w(o) = 7*o**3 + 7*o**2 - o - 3. Let k(j) = j**3 + j**2. Let c(q) = 6*k(q) - w(q). Let s be (0*5/(-10))/(-2). What is c(s)?
3
Let d be -5 + 1 + 4 - -3. Let l(u) = -79*u**2 + 0*u + 4 + 0*u + 77*u**2 + u. Calculate l(d).
-11
Suppose -2*v - 520 + 518 = 0. Let m(d) = 13*d**3 + 2*d**2 + d. Determine m(v).
-12
Let n = -42 - -44. Let m(j) = -3*j**2 - 2 - j + 8*j - 4*j + j**3. What is m(n)?
0
Let f = -484 + 475. Let i(y) = -y - 7. What is i(f)?
2
Let o be 4 - 12/30*10. Let u(z) = -4*z**2 - 2 + z**3 - 91*z + 93*z + o. Give u(4).
6
Suppose -2*y + 17*h + 10 = 13*h, 0 = -4*y + 5*h + 26. Let m(w) = w**3 - 10*w**2 + 7*w + 1. Calculate m(y).
-17
Let r(t) = 2*t - 4. Let u be (3/(-1))/((-6)/22). Let z be -8 + -1 + (0 - -3). Let a = z + u. Give r(a).
6
Let h(k) be the first derivative of -k**5/20 - 5*k**4/12 - k**3/2 + k**2/2 + 6*k - 4. Let z(a) be the first derivative of h(a). What is z(-3)?
-8
Let s(h) be the first derivative of h**2 + 9*h - 2. Suppose 0 = -7*i + 2*i + 40. Suppose 0 = 4*o - i*o - 24. Calculate s(o).
-3
Let l(a) = 25*a**2 - 22*a**2 - 2 + 19*a + 22*a - 35*a - 4. Calculate l(3).
39
Let l(z) = z**3 + 3*z**2 - 4*z - 6. Let i be l(-4). Let y(u) = 8 - 14*u + 15*u - 1. Determine y(i).
1
Let h be (-8)/3*12/16*-2. Suppose -h*f + 4*s = 16, -3*f + 2*s - 1 - 8 = 0. Let v(c) = -9*c**2. What is v(f)?
-9
Let y(m) = 8*m**2 - 9*m. Let j(z) = -7*z**2 + 9*z. Let w(b) = -3*j(b) - 2*y(b). Let g(o) = -6*o**2 + 9*o + 1. Let v(r) = 3*g(r) + 4*w(r). Calculate v(6).
21
Let r(o) = 30*o - 25. Let g(p) = 26*p - 23. Let h(f) = 6*g(f) - 5*r(f). Calculate h(3).
5
Let h = 75 + 11. Let o = h + -89. Let g(a) = -a**3 - a**2 + 3*a - 4. Calculate g(o).
5
Let f(o) = 3*o**2 - o + 1. Let a(l) = -3*l**2 + l - 2. Let h(m) = 2*a(m) + 3*f(m). Let p(n) = -27*n**2 - n + 3. Let v be p(-2). Let b = v - -102. Give h(b).
3
Let r(q) = -q**3 - 5*q**2 + 6*q + 2. Let o be r(-6). Suppose -4*k + 10 + o = 0. Let i(j) = j**3 - 2*j**3 + j**2 - 4*j**2 + 0*j**3 + 3 + k*j. Give i(-4).
7
Let t(v) = v**2 + 7. Let m = -85 - 3. Let l = 88 + m. Calculate t(l).
7
Let y be (-3 - 48/(-9))*6. Let m(r) = 6*r - 2*r**3 + r**2 + 9*r - y*r. What is m(-1)?
2
Let m(f) = -4*f - 6*f**2 - 5 + f**3 + 2 + 5*f. Let y be m(6). Let q(r) = -r**2 - 2*r - y*r - r + r - 2. What is q(-6)?
-8
Suppose 2*d = -r - 0*r + 1, 3 = 3*r - d. Let o(i) = 1 - r + 0 + 4 - 3*i. Give o(-4).
16
Let x(y) be the second derivative of -y**3/6 + 7*y**2/2 - 10*y. Suppose 4*f + 151 - 175 = 0. Give x(f).
1
Let z be (4 - 380/8)*2/(-3). Suppose 8 = -33*f + z*f. Let m(t) = 2*t. Give m(f).
-4
Let c(y) = -5*y**2 + y - 1. Let u be c(2). Let x = -23 - u. Let b(d) = d**3 + 3*d**2 - 2*d + 5. Give b(x).
-3
Suppose -6*x + 34 = -8. Let t(d) = 2*d**3 - 15*d**2 + 8*d - 6. Give t(x).
1
Suppose 3*d + i = -4 - 23, 2*d = -4*i - 18. Let n(b) = -b**2 - 10*b - 6. Calculate n(d).
3
Suppose 0*k + 2*k - 6 = 0. Suppose 3*p = -t + 24, -k*p + 10 = -2*p + t. Let x(b) = 3*b - 6. What is x(p)?
15
Suppose 65 = 4*x + 13. Let h(w) = 2*w**2 - 27*w + 12. Give h(x).
-1
Let z(w) = 2*w + 18. Let q be z(-12). Let d(x) be the third derivative of x**5/60 + x**4/4 - 66*x**2. What is d(q)?
0
Let n(m) = 2*m + 1. Let p(v) = -2*v - v**2 - 11*v + 3*v + 2*v**2 + 5. Let u be p(9). Give n(u).
-7
Suppose -70*j + 59*j = 99. Let f(o) = o**2 + 11*o + 10. Give f(j).
-8
Let r(x) be the first derivative of -x**2/2 - x + 246. Suppose 2*y = -y - 21. What is r(y)?
6
Let h be 2*2/(-20) - 105/(-25). Let a(v) = -6*v - 8. Let w(f) = -13*f - 17. Let x(c) = h*w(c) - 9*a(c). Determine x(-4).
-4
Let u(q) = 2*q**2 - 6*q. Let o be 44/7 - 6/21. Let h be 9/o*(-1 + 3). Suppose -3*c = 5*r - 27, h*r = -0*c - 4*c + 25. Calculate u(c).
8
Suppose 5*t = -2*x - 62 + 40, 5*t + 5*x + 25 = 0. Let o be ((-3)/(-2))/((-3)/(-4)). Let c(a) = 1 + 2*a**2 + 2*a**o + 6*a - 3*a**2. Give c(t).
-7
Suppose 5*j + 2*s - 6 = 14, s - 25 = -5*j. Let f(k) = -14*k - 9. Let n(i) = 5*i + 3. Let y(o) = j*f(o) + 17*n(o). Suppose 276 = 55*z - 54. What is y(z)?
3
Let z(f) be the third derivative of -f**4/24 + 13*f**3/3 + 5*f**2 - 10*f. Give z(11).
15
Let n(r) = r**3 - r**2 - 1. Suppose 0 = -v - 3 + 4. Let b(m) = 5*m**3 + 3*m - 6. Let j(p) = v*b(p) - 4*n(p). Determine j(-3).
-2
Let q(b) = b**2 + 6*b - 7. Let g be q(-6). Let t = 93 + -79. Let u(l) = -2*l**3 - 8*l**2 + l**3 - 3 + 23*l - t*l - 17*l. What is u(g)?
4
Let s(m) = -2*m - 7. Let n(v) = -v - 6. Let q(i) = -3*n(i) + 2*s(i). Suppose -19 + 10 = 167*c - 9. Give q(c).
4
Let z(j) be the second derivative of -j**5/20 + j**4/4 + 10*j**3/3 - 4*j**2 + 14*j + 3. Determine z(6).
4
Let i(x) = 5*x + 1. Let s = -50 + 36. Let n be 21/s + (-9)/(-2). Suppose -t - 4 = -0*m + 5*m, n*m - 5*t = -8. Determine i(m).
-4
Suppose 4090*q - 4097*q = -42. Let x(w) = -w**3 + 5*w**2 + 6*w. What is x(q)?
0
Let w = 9 + -2. Let n be (-1 + -1)/(w + -8). Let y(z) = z + 2. Let p be y(n). Let k(u) = -u**2 + 7*u. Calculate k(p).
12
Let b(c) = -8*c - 6. Suppose -5*j + 10*j + 10 = 0. Let w = 2 - j. Let q(d) = -d. Let t(o) = w*q(o) - b(o). Determine t(-6).
-18
Let c(w) = -w**3 + 10*w**2 - 2*w + 27. Let b(l) = -l**3 + 10*l**2 - 2*l + 24. Let d(i) = 4*b(i) - 3*c(i). What is d(10)?
-5
Suppose 3*s = -3*f + 6, 3*s - f = -5*f + 11. Let n(t) = 12*t + 12. Let l be (-3)/1 - (3 + -16). Let c(b) = -b - 1. Let j(m) = l*c(m) + n(m). Determine j(s).
-4
Let l(p) = 2*p. Let t(o) = 16*o. Let r be t(-1). Let x(h) = 5*h - 53. Let y(m) = -2*m + 18. Let v(s) = -3*x(s) - 8*y(s). Let j be v(r). Determine l(j).
-2
Let p(t) = 2*t**2 - 18*t + 9. Let o(g) = -3*g**2 + 20*g - 11. Let b(v) = 3*o(v) + 4*p(v). What is b(-12)?
3
Let y(h) = 11*h**2 - 4*h + 3. Let p(l) = 13*l**2 - 7*l + 3. Let t(i) = 5*p(i) - 6*y(i). What is t(-6)?
27
Suppose 3*m - 4*n = -38, 97*m - 98*m + 4*n = 26. Let z(h) = -3*h**2 + 7*h - 7. Let i(d) = 7*d**2 - 15*d + 14. Let x(c) = 4*i(c) + 9*z(c). What is x(m)?
11
Let s(i) = -4 + i + 0 + 5 + 2 + 6. Determine s(6).
15
Let j = -916 + 910. Let c(y) = -2*y - 18. Calculate c(j).
-6
Let m(o) = -o**2 + 14*o - 30. Let a be 44/(-66)*(-18 - 0). Determine m(a).
-6
Let m(u) = 2*u**3 - 6*u**2 - 3*u + 1. Let w(k) = -9*k**3 + 25*k**2 + 12*k - 5. Let y(p) = 26*m(p) + 6*w(p). Determine y(-3).
14
Let n(p) = 4*p - 1. Let o(y) = -2*y - 8. Let v be o(-7). Let j(d) = -d**2 + 5*d + 5. Let r be j(v). What is n(r)?
-5
Let k be (-176)/(-220) + 52/10. Let m(c) = -c - 2. Give m(k).
-8
Suppose -30*o + 22*o + 48 = 0. Let i(f) = -f**2 + 7*f. Give i(o).
6
Let u(z) = 5 + 5 + 10*z + 0*z**2 + z**2. Suppose -49*o - 187 = 205. Give u(o).
-6
Let y = -149 - -153. Let z(c) be the second derivative of -4*c + 0 - 7/6*c**3 + 5/2*c**2 + 1/12*c**4. Calculate z(y).
-7
Let z = 8 + -13. Let i(p) = -198 - 2*p + 414 - p**2 + 0*p - 210. Give i(z).
-9
Let s(w) = -2*w - 7*w + 9*w - 8*w. Give s(-1).
8
Let u(n) be the second derivative of n**4/12 - 5*n**3/6 - 3*n**2 - 5*n. Suppose -8*t = 7*t - 90. Give u(t).
0
Let t = 2 - 0. Let o(d) = 2*d**2 + 5*d - 5. Let r(u) = -u**2 + 5*u + 2*u**2 - u + 6 - 10. Let f(y) = 2*o(y) - 3*r(y). Calculate f(t).
2
Suppose 0 = y + 2*w - 2, -4*w = -y + 5*y - 4. Suppose 0 = -y*n - n + 4*a, -n + 9 = 5*a. Let i(v) = -2*v + 4. Give i(n).
-4
Let y(r) = 1 + 3 + 0 + 7*r + r**2. Let j be y(-7). Let u(p) = -p - 1 - p + 1. What is u(j)?
-8
Let o(s) = 2*s**2 - 3*s**2 - 3*s + 7*s + 6*s. Determine o(11).
-11
Let q(x) be the first derivative of -x**3/3 + 4*x**2 + x + 142. Let l(v) = 2*v**3 - v**2 - 2*v - 1. Let u be l(-1). Let r be u/(-10) + (-39)/(-5). Give q(r).
1
Let t(a) be the third derivative of -a**5/60 - a**4/4 - a**2. Let g be t(-4). Suppose 5*q - 12 = g. Let m(p) = p**3 - 3*p**2 - 5*p + 2. What is m(q)?
-2
Let y(a) = a**3 - 3*a**2 - 10*a + 3. Let l(s) = -s**3 + 3*s**2 + 9*s - 2. Let c(w) = 6*l(w) + 5*y(w). Calculate c(-2).
15
Suppose -u = 2*u - 189. Suppose 0 = -61*l + u*l - 12. Let o(h) = -h**2 + 6*h - 7. Calculate o(l).
-7
Let p = 499 + -501. Let o(b) = -8*b - 1. Calculate o(p).
15
Let g(m) be the first derivative of